it of 93418645?
4
What is the units digit of 3174388847?
7
What is the ten thousands digit of 146338387?
3
What is the tens digit of 37385866?
6
What is the ten thousands digit of 91268652?
6
What is the millions digit of 1591197366?
1
What is the units digit of 3304125928?
8
What is the tens digit of 331162765?
6
What is the units digit of 315923709?
9
What is the hundreds digit of 104689198?
1
What is the ten millions digit of 2996750349?
9
What is the ten millions digit of 477039554?
7
What is the units digit of 513444833?
3
What is the ten thousands digit of 570307692?
0
What is the millions digit of 46827752?
6
What is the ten millions digit of 191532272?
9
What is the ten millions digit of 71007748?
7
What is the hundred thousands digit of 121780000?
7
What is the tens digit of 222514937?
3
What is the thousands digit of 3557585075?
5
What is the hundred thousands digit of 1116242565?
2
What is the millions digit of 7474695953?
4
What is the hundred thousands digit of 176262168?
2
What is the hundreds digit of 976399752?
7
What is the hundreds digit of 33380476?
4
What is the tens digit of 3623064743?
4
What is the hundreds digit of 33746524?
5
What is the tens digit of 2481730070?
7
What is the thousands digit of 33138317?
8
What is the units digit of 4887162415?
5
What is the hundred millions digit of 679546916?
6
What is the units digit of 337666089?
9
What is the ten thousands digit of 128641293?
4
What is the ten millions digit of 394465567?
9
What is the hundred millions digit of 958892389?
9
What is the ten thousands digit of 13677450?
7
What is the units digit of 1102498155?
5
What is the thousands digit of 5555532?
5
What is the hundreds digit of 160183761?
7
What is the millions digit of 46884724?
6
What is the hundreds digit of 5053814638?
6
What is the tens digit of 4703318612?
1
What is the millions digit of 15656481?
5
What is the hundreds digit of 467032044?
0
What is the thousands digit of 37236638?
6
What is the billions digit of 3448226225?
3
What is the hundreds digit of 666107466?
4
What is the hundreds digit of 232845859?
8
What is the millions digit of 175937684?
5
What is the billions digit of 4380288289?
4
What is the hundreds digit of 46160824?
8
What is the hundred millions digit of 4454130076?
4
What is the units digit of 4563248364?
4
What is the units digit of 546827220?
0
What is the hundred millions digit of 816326779?
8
What is the millions digit of 189112586?
9
What is the units digit of 520269709?
9
What is the tens digit of 1018213652?
5
What is the ten millions digit of 267171761?
6
What is the millions digit of 19195792?
9
What is the tens digit of 4119653627?
2
What is the hundreds digit of 136859886?
8
What is the hundreds digit of 30778079?
0
What is the ten thousands digit of 1736090261?
9
What is the ten thousands digit of 731799335?
9
What is the units digit of 848867834?
4
What is the hundred millions digit of 713779801?
7
What is the hundreds digit of 1203423712?
7
What is the thousands digit of 86768004?
8
What is the thousands digit of 422900853?
0
What is the units digit of 32257940?
0
What is the tens digit of 44443613?
1
What is the millions digit of 609716042?
9
What is the hundreds digit of 1481565527?
5
What is the millions digit of 244161166?
4
What is the units digit of 930919138?
8
What is the hundred thousands digit of 81932925?
9
What is the thousands digit of 4608155680?
5
What is the billions digit of 1985359836?
1
What is the hundred thousands digit of 2642929628?
9
What is the ten millions digit of 196477561?
9
What is the thousands digit of 475185936?
5
What is the units digit of 529494796?
6
What is the hundred millions digit of 106178525?
1
What is the ten thousands digit of 15784121?
8
What is the ten millions digit of 233201175?
3
What is the tens digit of 3220936643?
4
What is the units digit of 115847312?
2
What is the hundred thousands digit of 32986132?
9
What is the ten thousands digit of 1664111682?
1
What is the millions digit of 14716692?
4
What is the units digit of 31241449?
9
What is the millions digit of 1579321160?
9
What is the thousands digit of 5210220?
0
What is the ten millions digit of 6274457544?
7
What is the hundred millions digit of 152147294?
1
What is the millions digit of 523993245?
3
What is the units digit of 1888271438?
8
What is the ten millions digit of 33012267?
3
What is the hundreds digit of 70979612?
6
What is the millions digit of 692246775?
2
What is the hundred millions digit of 1762293363?
7
What is the ten millions digit of 2753373416?
5
What is the ten millions digit of 52519114?
5
What is the hundred thousands digit of 22005909?
0
What is the thousands digit of 6224256056?
6
What is the units digit of 161646998?
8
What is the tens digit of 79675491?
9
What is the ten millions digit of 63249907?
6
What is the tens digit of 708595279?
7
What is the ten thousands digit of 36702835?
0
What is the thousands digit of 347096820?
6
What is the ten thousands digit of 619557912?
5
What is the millions digit of 136006551?
6
What is the ten millions digit of 7458909838?
5
What is the units digit of 907800882?
2
What is the hundred millions digit of 464797651?
4
What is the tens digit of 1172118521?
2
What is the thousands digit of 3750732402?
2
What is the hundred millions digit of 191973683?
1
What is the ten thousands digit of 62395920?
9
What is the ten thousands digit of 2131963755?
6
What is the thousands digit of 80580611?
0
What is the tens digit of 885984556?
5
What is the units digit of 662857145?
5
What is the units digit of 406834947?
7
What is the hundred millions digit of 333130620?
3
What is the hundreds digit of 352200224?
2
What is the ten millions digit of 86458373?
8
What is the ten thousands digit of 461100890?
0
What is the millions digit of 591773558?
1
What is the tens digit of 4225892371?
7
What is the tens digit of 58998760?
6
What is the ten millions digit of 928133626?
2
What is the hundreds digit of 75514017?
0
What is the units digit of 775174?
4
What is the ten thousands digit of 95048701?
4
What is the units digit of 31680219?
9
What is the ten millions digit of 102561800?
0
What is the ten thousands digit of 1771655139?
5
What is the hundred thousands digit of 605793618?
7
What is the tens digit of 1618155447?
4
What is the units digit of 84749391?
1
What is the hundred millions digit of 115835284?
1
What is the hundreds digit of 215205589?
5
What is the ten millions digit of 31037986?
3
What is the tens digit of 6549226282?
8
What is the ten thousands digit of 27204877?
0
What is the millions digit of 151977311?
1
What is the ten thousands digit of 31585305?
8
What is the millions digit of 656480461?
6
What is the tens digit of 3315678575?
7
What is the ten thousands digit of 190341124?
4
What is the units digit of 609299237?
7
What is the ten millions digit of 11629224?
1
What is the units digit of 419623?
3
What is the units digit of 40552147?
7
What is the hundreds digit of 1145909038?
0
What is the tens digit of 1023607544?
4
What is the hundreds digit of 2679819235?
2
What is the units digit of 4840499?
9
What is the hundred thousands digit of 4281993821?
9
What is the hundreds digit of 87867431?
4
What is the tens digit of 2502777561?
6
What is the hundreds digit of 187395147?
1
What is the hundred thousands digit of 144401240?
4
What is the hundred thousands digit of 732189394?
1
What is the ten thousands digit of 704079718?
7
What is the units digit of 20782872?
2
What is the units digit of 2658357209?
9
What is the hundreds digit of 35350395?
3
What is the hundreds digit of 2330690?
6
What is the tens digit of 52213489?
8
What is the ten millions digit of 66844715?
6
What is the ten thousands digit of 64007130?
0
What is the hundred millions digit of 4639120444?
6
What is the thousands digit of 26326332?
6
What is the millions digit of 59805527?
9
What is the hundred thousands digit of 65166798?
1
What is the tens digit of 1012172916?
1
What is the hundred millions digit of 343351986?
3
What is the millions digit of 3789608744?
9
What is the units digit of 10116842?
2
What is the ten millions digit of 42994157?
4
What is the thousands digit of 122960247?
0
What is the millions digit of 31027612?
1